hest common divisor of 2 and 28684.
2
What is the highest common factor of 110 and 106062?
22
What is the highest common divisor of 27757 and 205?
41
What is the greatest common divisor of 176 and 64086?
22
Calculate the highest common divisor of 184117 and 1.
1
What is the highest common factor of 166460 and 261?
29
What is the highest common factor of 2028 and 29679?
39
What is the highest common divisor of 351 and 221319?
27
Calculate the highest common factor of 92008 and 1036.
28
Calculate the greatest common divisor of 19455 and 1065.
15
Calculate the greatest common divisor of 1845940 and 20.
20
Calculate the greatest common divisor of 8828 and 8.
4
What is the greatest common factor of 525 and 24003?
21
What is the greatest common factor of 2372 and 167819?
593
Calculate the greatest common divisor of 198 and 150986.
22
Calculate the greatest common divisor of 52269 and 798.
399
What is the highest common divisor of 47476 and 11440?
572
What is the greatest common divisor of 27436 and 152?
76
What is the greatest common factor of 1063332 and 288?
36
What is the highest common divisor of 384 and 671448?
24
What is the highest common divisor of 55669 and 1432?
179
What is the highest common divisor of 14 and 909314?
14
What is the highest common divisor of 1150 and 71950?
50
Calculate the highest common factor of 1058 and 302059.
529
What is the greatest common divisor of 28 and 3544030?
14
Calculate the highest common divisor of 447190 and 5122.
394
Calculate the highest common divisor of 934218 and 568.
142
What is the highest common divisor of 150710 and 770?
70
What is the greatest common factor of 342 and 400995?
171
Calculate the highest common factor of 8 and 882.
2
What is the greatest common factor of 813 and 7981221?
813
What is the greatest common divisor of 6579 and 459?
153
Calculate the highest common divisor of 23388 and 276.
12
Calculate the greatest common divisor of 211 and 492263.
211
What is the highest common factor of 360 and 1160?
40
Calculate the highest common divisor of 11575 and 25.
25
Calculate the highest common factor of 14467 and 81719.
391
What is the highest common factor of 3624 and 504?
24
Calculate the greatest common divisor of 10840536 and 36.
36
Calculate the highest common factor of 45 and 52565.
5
What is the greatest common factor of 82017 and 351?
117
Calculate the greatest common factor of 234394 and 5752.
1438
Calculate the greatest common factor of 1064 and 1820.
28
Calculate the highest common factor of 26 and 8047.
13
Calculate the greatest common factor of 350460 and 9.
9
What is the highest common divisor of 483 and 63483?
21
Calculate the highest common factor of 165000 and 825.
825
Calculate the greatest common factor of 610 and 20862.
122
Calculate the greatest common divisor of 317394 and 99.
99
What is the greatest common divisor of 205 and 2020?
5
What is the highest common factor of 42211 and 26?
13
What is the greatest common divisor of 855 and 11835?
45
What is the greatest common divisor of 90744 and 995?
199
What is the greatest common factor of 663 and 1833?
39
What is the highest common divisor of 720537 and 456?
57
Calculate the greatest common divisor of 1716 and 218427.
33
Calculate the highest common divisor of 494256 and 336.
336
What is the greatest common factor of 279 and 150753?
93
Calculate the highest common divisor of 69 and 102120.
69
Calculate the highest common factor of 2427 and 24.
3
Calculate the greatest common factor of 1490 and 196978.
298
Calculate the highest common divisor of 45 and 485785.
5
Calculate the greatest common divisor of 724 and 10.
2
Calculate the highest common divisor of 107475 and 20.
5
Calculate the greatest common divisor of 68256 and 1343.
79
What is the highest common factor of 48 and 5104?
16
Calculate the highest common divisor of 179524 and 2368.
148
What is the highest common divisor of 305 and 5429?
61
Calculate the highest common factor of 18444 and 1855.
53
What is the greatest common factor of 422682 and 52?
26
What is the highest common factor of 43 and 6396078?
43
Calculate the greatest common divisor of 235904 and 779.
19
Calculate the greatest common divisor of 168 and 15036.
84
What is the greatest common factor of 3129 and 17409?
21
What is the highest common divisor of 448 and 5992?
56
What is the highest common factor of 306 and 2262258?
306
What is the greatest common factor of 28084 and 4284?
476
Calculate the highest common divisor of 272 and 6064.
16
What is the highest common factor of 691492 and 204?
68
Calculate the highest common factor of 4 and 2048152.
4
What is the greatest common divisor of 38539 and 85?
17
Calculate the highest common factor of 4 and 415804.
4
What is the greatest common factor of 50 and 310225?
25
Calculate the highest common divisor of 126630 and 350.
70
What is the greatest common divisor of 168 and 9765?
21
Calculate the highest common factor of 194048 and 4.
4
What is the greatest common factor of 22568 and 29848?
728
What is the highest common divisor of 69272 and 56?
56
What is the highest common divisor of 40831 and 95?
19
What is the greatest common factor of 21712 and 64900?
236
Calculate the highest common factor of 2640 and 22704.
528
What is the highest common divisor of 80208 and 9469?
557
Calculate the highest common divisor of 120645 and 70.
35
Calculate the greatest common divisor of 260 and 7190.
10
Calculate the greatest common divisor of 292 and 658533.
73
Calculate the highest common factor of 86448 and 144.
48
What is the greatest common factor of 22831 and 22253?
289
Calculate the greatest common divisor of 6300 and 620200.
700
What is the greatest common factor of 750564 and 288?
36
What is the highest common factor of 132 and 33033?
33
What is the highest common divisor of 544 and 20570?
34
Calculate the highest common divisor of 110 and 30050.
10
Calculate the highest common factor of 13408 and 32.
32
What is the highest common divisor of 107594 and 46?
46
What is the greatest common factor of 3637 and 4?
1
What is the greatest common factor of 132888 and 168?
168
Calculate the greatest common factor of 1707 and 3251266.
569
What is the greatest common divisor of 6532 and 60?
4
Calculate the greatest common divisor of 530 and 394850.
530
Calculate the greatest common factor of 27 and 1239.
3
Calculate the highest common factor of 113158 and 116.
58
What is the highest common divisor of 12033 and 2520?
63
What is the highest common divisor of 13591653 and 102?
51
Calculate the greatest common factor of 35110 and 10.
10
What is the greatest common factor of 243 and 9801?
81
What is the highest common factor of 79 and 1230899?
79
What is the highest common factor of 76734 and 1078?
98
What is the greatest common divisor of 2839574 and 284?
142
What is the greatest common factor of 361407 and 636?
159
Calculate the highest common divisor of 192 and 1653056.
64
Calculate the greatest common factor of 514932 and 38775.
1551
Calculate the highest common factor of 612256 and 9728.
608
What is the greatest common factor of 504 and 1086?
6
What is the highest common divisor of 38493 and 13377?
273
What is the greatest common divisor of 1332 and 4132197?
333
What is the highest common factor of 16 and 3704232?
8
What is the greatest common factor of 1761932 and 8?
4
Calculate the highest common factor of 1883 and 430669.
269
Calculate the greatest common factor of 167151 and 6.
3
Calculate the greatest common divisor of 94320 and 9.
9
What is the greatest common divisor of 68 and 21446?
2
Calculate the greatest common factor of 17997 and 21.
21
What is the highest common divisor of 48380 and 2124?
236
Calculate the highest common factor of 583404 and 732.
732
What is the highest common factor of 17 and 51017?
17
What is the highest common factor of 178 and 187078?
178
What is the greatest common divisor of 1185 and 7065?
15
What is the highest common factor of 330 and 4659?
3
What is the greatest common divisor of 1880225 and 125?
25
Calculate the highest common factor of 24 and 703656.
24
Calculate the greatest common factor of 19850 and 90.
10
Calculate the greatest common divisor of 376 and 11186.
94
Calculate the highest common divisor of 160 and 5344.
32
Calculat